8 = -3*j + 5*g. Is j composite?
True
Is (-17)/(-2)*-1*(-6444)/18 a composite number?
True
Suppose t + x + 4 = 0, 4 = -4*t - 0*t - x. Let l(q) = -q**2 - 3*q + 5189. Is l(t) a composite number?
False
Let t(l) = -5*l**2 + 4. Let d be t(-4). Let i be (-2)/(-8) + -39*(-13)/4. Let y = d + i. Is y a prime number?
False
Suppose 0 = -18*f + 25*f - 6923. Is f prime?
False
Suppose -m = 2*q - 6*q - 5465, 3*q = -m + 5458. Is m prime?
False
Suppose 5*b - 53335 = -5*k, -3*b - 2*k = -7*k - 32001. Is b composite?
False
Suppose -984 = 4*h - 192. Let i be 2 + 23 - (3 - 3). Let c = i - h. Is c a composite number?
False
Let c(h) = 4*h + 6. Let z be (-4 - 9)/(-4 - -3). Is c(z) composite?
True
Let l be 1/((-3)/(-2) - 1). Let u(z) = -z**3 - 2*z**2 + 4*z - 4. Let b be u(-9). Is 5 - l - (-7 - b) composite?
True
Let i be (-451 + 5)*(3/(-6) - -1). Is (-1 - i) + (-10)/(-10) a prime number?
True
Suppose y - 1332 = -b - 2*b, -3*y - 1763 = -4*b. Is b a prime number?
True
Suppose -p = -2*k - 10896 - 7527, 5*p + 3*k = 92141. Is p a composite number?
False
Let t(r) = 1526*r - 221. Is t(11) prime?
False
Suppose 0 = 4*s - 2*y + 232 + 58, 2*s = -5*y - 151. Let w = 230 + s. Is w a prime number?
True
Let q be 1/4 + 2/(-8). Let b(c) be the third derivative of c**6/120 + c**4/24 + 11*c**3/6 + c**2 - 37. Is b(q) a composite number?
False
Let a = -196567 + 352986. Is a a prime number?
True
Let g(l) be the first derivative of -133*l**2 - 2*l - 4. Let q be g(-2). Suppose -6*d + d + q = 0. Is d prime?
False
Let z(h) = 37*h + 8. Suppose -5*j + 0*i - 3 = -i, i = 4*j + 3. Suppose j*w + u - 15 = -2*w, -3 = -w - 2*u. Is z(w) a composite number?
True
Let w be (1/4)/((-5)/(-20)) + 1. Suppose 5*s - w*s - 523 = 2*r, 2*s = r + 350. Is s a prime number?
False
Suppose -6*f + 2*f + 12 = 0. Suppose -f*v = -62 - 265. Is v a prime number?
True
Suppose 2*y = 3*b - 2*y + 5, -6 = -4*b - y. Is (1 - b) + (120 - -19) a prime number?
True
Suppose 0 = w - 4*w + 6. Let n = w + 2. Suppose -426 = -n*l + l. Is l a prime number?
False
Is ((-20721)/6)/(10/(-20)) prime?
True
Suppose 4*p = -3*u - 644, -p = -5*p - u - 636. Is (4 + 8)/(-4) - p prime?
False
Suppose 0 = 4*u - 12, -d + 4*d = u + 3. Suppose d*h - x - 111 = 0, -2*h - 5*x - 6 = -87. Is h a composite number?
False
Let n(l) = -l**2 - 12*l - 9. Let k be n(-11). Suppose 4*t - 242 = k*t. Let z = t - -286. Is z prime?
False
Let f be (-12)/(15/(-5)) - 473. Let a = f - -815. Is a composite?
True
Let g be 1/8 - 119/(-8). Let c(b) = -b**3 + 19*b**2 - 15*b + 26. Is c(g) composite?
False
Let b(t) = -t**3 + 8*t**2 - 11*t - 1. Let q be b(5). Suppose -3*a - 3*d + 45 = 0, 3*a = -2*a - 3*d + 77. Suppose 0 = -5*l + a + q. Is l prime?
True
Suppose 0*p + 3*p - 6 = 0. Suppose 4*c - p*c = -5*m + 3494, -1753 = -c - m. Is c prime?
False
Is -2585*(-308)/70 + -1 + 6 composite?
True
Let x(z) = -63*z**2 - 65*z**2 + 129*z**2 - 63 + 68 + 9*z. Suppose 0 = -2*c + 2 + 10. Is x(c) composite?
True
Let y(s) = s**2 + 2*s + 1. Let g be y(-1). Let j(c) = c**2 + c + 97. Is j(g) a prime number?
True
Suppose 0 = 4*a - 2*a - 34. Let r = a - -20. Let z = 58 + r. Is z a prime number?
False
Let m be 11/(44/8) - -3. Suppose -3130 = m*y - 10515. Is y a composite number?
True
Is (31281/6)/(((-51)/6)/(-17)) a composite number?
False
Suppose 7*c - 4951 = -240. Is c composite?
False
Let h = 14 + -22. Let k(j) = -9*j. Let x be k(h). Suppose 0 = -4*f + 788 + x. Is f composite?
True
Is 6993 + 54/(18/2) a composite number?
True
Let d(c) = -c**2 - 12*c - 24. Let s be d(-12). Is (226/(-12))/(4/s) prime?
True
Let t(q) = -q**3 - 14*q**2 - 8*q - 16. Let m be t(-8). Let b = 377 - m. Is b a composite number?
True
Let z(j) = 302*j**2 + 3*j - 3. Let v be z(-5). Suppose -15*h + 39913 + v = 0. Is h composite?
False
Suppose 4 = 6*t - 8. Suppose -5*k + t*k = -4971. Is k prime?
True
Is -7 - (10 + (-4 - 98)) composite?
True
Suppose -13*k + 8813 = -6*k. Is k a prime number?
True
Suppose -26*q + 85*q - 499907 = 0. Is q a composite number?
True
Let v = 15 - 16. Is (-1 + (v - 1) + 1952)/1 composite?
False
Let z(l) be the second derivative of -l**4/12 - 5*l**3/6 - l**2 - 13*l. Let o be z(-4). Suppose 0 = -2*n - o*u + 246, 5*n = 3*n + 4*u + 270. Is n composite?
False
Suppose -6*m + 48230 = 16496. Let n = m + -3632. Is n a composite number?
False
Let c(s) = s - 5. Let d be c(5). Suppose 2*o = -d*o + 402. Is o prime?
False
Let b(o) = -11 + 22 - o - 5 + 0. Let k be b(5). Is (1233/3 - k) + -1 a prime number?
True
Suppose -360378 - 16075 = -11*s. Is s a prime number?
False
Let v(t) = t**3 + 16*t**2 + 27*t + 71. Is v(-14) composite?
True
Let g = 392 + 1007. Is g composite?
False
Let x(n) = -7*n + 33. Let j(k) = -4*k + 17. Let i(w) = 11*j(w) - 6*x(w). Let o be i(-8). Suppose -z + 1012 = -3*h, 4056 = o*z + 2*h - 1089. Is z a prime number?
False
Is -7 + 2342 + 1*-4 - -2 a prime number?
True
Let a(t) be the third derivative of t**6/120 - t**5/5 + 11*t**4/24 - 6*t**2. Let q be a(11). Suppose 3*b - b - 130 = q. Is b a composite number?
True
Suppose 0 = -3*h + 4*f + 8, -5*h + 17 = f - 4*f. Let w be h*4/(-24)*-174. Let s = 525 + w. Is s a prime number?
True
Suppose 5*n = 4260 + 8050. Suppose -n - 8199 = -7*b. Is b composite?
False
Let k(s) be the third derivative of 11*s**5/60 + 11*s**4/24 + 19*s**3/6 - 16*s**2. Is k(9) composite?
False
Let n(c) = c**3 + 42*c**2 + 20*c - 115. Is n(-41) a prime number?
False
Suppose -2*i = 15*i - 766581. Is i prime?
False
Let b = 1 + 1. Is 1/((-3)/(-5601)) - b prime?
False
Let d(n) = -450*n - 307. Is d(-16) composite?
True
Suppose -42*n - 4759 + 92917 = 0. Is n composite?
False
Suppose -2*c + 1084 = -2*j, 2*c + j + 164 = 1242. Let t = c + -349. Is t composite?
False
Suppose 11*q = 779667 + 424910. Is q prime?
True
Suppose -980 = 3*t - 8*t. Suppose -t = -x - 17. Is x a prime number?
True
Let h = -26 - -23. Is 563/(2 + (-4 - h)) a composite number?
False
Let t(j) = 10*j**2 - 2*j - 7. Is t(-9) composite?
False
Suppose -102*v + 105*v - 2037 = 0. Is v composite?
True
Let d = -23 + 50. Suppose 3*s + 142 = -8. Let p = d - s. Is p a prime number?
False
Let x(i) = -4*i - 4. Let d be x(-2). Suppose -l = u - 73 - 45, 5*u - 477 = -d*l. Suppose -m + 2*m = l. Is m prime?
True
Let z = 36965 + -23748. Is z a composite number?
False
Let f(o) = -641*o + 93. Is f(-4) a prime number?
True
Suppose 2*o + 2714 = 4*a, -10*a = -12*a + 3*o + 1355. Is a a prime number?
False
Let g(s) = -s**3 - 31*s**2 - 35*s + 13. Is g(-32) composite?
True
Let d(j) be the first derivative of -j**2 + 4*j + 2. Is d(0) composite?
True
Let h(l) = -l**2 + 16*l - 16. Let j be h(20). Let s be 1*-170*j/60. Suppose 4*z - d - 275 = 2*d, 4*z - s = 4*d. Is z prime?
True
Let i be (6/10)/((-4)/20). Let w be 0/8*1/i. Is (w - 2)*1326/(-12) a prime number?
False
Let n(b) = 265*b**3 - 8*b**2 + 12*b - 91. Is n(8) a prime number?
True
Let o = 4 + -4. Suppose 3*h = 5*r - 55, 5*r - 6*h - 65 = -h. Suppose 3*p - 3*k - 153 = 0, o = -k - k + r. Is p composite?
True
Let r(g) = g**2 + 16*g - 32. Let c be r(-17). Let a(t) = -116*t + 19. Is a(c) a composite number?
False
Suppose 717*k - 4847 = 716*k. Is k a prime number?
False
Let c(k) = k**3 - 2*k**2 + 2*k - 1. Let o be c(1). Suppose 0 = -5*y - o - 20, 2*y = d - 5. Is (-6 - -27)*(-2)/d composite?
True
Suppose -5549 = l - 3*m, 3*l - 2*l + m = -5533. Let o = l - -7872. Is o a prime number?
False
Is 5741 + -78 + 0 + (1 - -2) composite?
True
Let y = -852 + 1208. Suppose y = -5*f + 9*f. Is f prime?
True
Suppose 23*a = 98*a - 889725. Is a composite?
False
Is 2 - -15 - 17 - (-1 + -1654) composite?
True
Suppose -69*o + 71*o - 902 = 0. Is o a prime number?
False
Let z(o) = 0 + 9 - 1 + o. Is z(-6) a prime number?
True
Let g = 2213 + 1001. Is g a prime number?
False
Let d = -37 - -70. Let y = d + -29. Suppose 2*x - 755 = -b, -y = 3*b + 5. Is x composite?
False
Let c(v) = 149*v**2 - 22*v - 59. Is c(-4) prime?
False
Suppose 5*s - 4185 = 2*b + 4559, 3*s - 2*b = 5244. Let f = s + -609. Is f prime?
False
Is 0/((-2)/2*1) - -769 a prime number?
True
Let u be -4 + 4 + 0/5. Is 793 + (-4)/(u - 1) prime?
True
Is (5 - -1933) + 4 + 0 composite?
True
Let c = -14 - -18. Suppose c*q + 0 = 16. Suppose 0*y - 4*r = 2*y - 202, -q*y + 382 = -3*r. Is y composite?
False
Suppose -j + 4*m = 9*m + 22, 3*m = 5*j - 30. Let d(i) = 2*i**3 - 3*i**2 + 6. Is d(j) a composite num